*h - 3. Give x(2).
9
Let t(m) = -14*m**3 + 41*m**2 + 21*m + 32. Let b(h) = -5*h**3 + 14*h**2 + 7*h + 11. Let i(a) = 17*b(a) - 6*t(a). Calculate i(-7).
-5
Suppose b - 5*t - 2 = 0, 3*b - t = -0*t + 6. Suppose j + 5 = b. Let w(v) = 6 + 2*v + v**2 - 3 + 2*v. Determine w(j).
0
Let z(b) be the third derivative of b**6/120 - b**5/10 + b**4/8 - 5*b**3/6 - 8*b**2. Give z(6).
13
Let d(c) = 1. Let y(r) = r**2 - r + 5. Let u(h) = 9*d(h) - 2*y(h). Give u(-3).
-25
Let q be (1 + (-6)/10)*30. Let u = q + -9. Let l(h) be the second derivative of -h**4/12 + h**3/3 - 2*h**2 + 3*h. What is l(u)?
-7
Suppose -5*u + 10*u - 5*h = -70, -4*u - 48 = -2*h. Let o be (3 + -4)/((-2)/u). Let w(k) = 0*k - 4*k**2 + 5*k**2 + 5*k + 3. Determine w(o).
3
Let b(m) be the third derivative of 0*m**5 + 0*m**3 + 1/360*m**6 + 0 + 0*m - 1/24*m**4 + m**2. Let n(j) be the second derivative of b(j). What is n(3)?
6
Let j(u) = -3*u - 5. Let t be j(-5). Suppose 0*k - 5*c = 2*k - t, 3*k - 3*c + 27 = 0. Let f = 7 + k. Let n(h) = h**3 - 2*h**2 - h + 1. Calculate n(f).
-1
Let o = 8 - 5. Let i(g) = g**2 + 3*g + 0 - 1 - o + g. What is i(-5)?
1
Suppose -3*s = -k - 7, s - 2*k - 7 = 3*k. Let m(o) = 4 + s*o**2 - 3*o**2 + 4*o - 4*o + 6*o. What is m(5)?
9
Let a(u) = -10*u**2 + u - 2. Let z(b) = 2*b**2 + 1. Let n(s) = -a(s) - 3*z(s). Let i be (-3 + 5)/(-3 + 1). Determine n(i).
4
Let y(m) = -5*m - 1 - 4*m + 3*m. Let n = 12 + -7. Suppose r + p = n, r - 17 + 8 = -2*p. Calculate y(r).
-7
Let n(j) be the second derivative of j**4/4 - 11*j. Calculate n(-2).
12
Let y(d) = 2*d**2 - 12*d + 1. Let l be y(6). Suppose -2*n + 2 = -f - 0, -5*n = -4*f + l. Let u(g) = -g**3 + 3*g**2 - g - 1. What is u(n)?
-4
Let p(q) = -5*q**3 + 2*q**3 + 2*q**3 - 5 - 7*q - 6*q**2. Let v be ((-2)/(-12))/((-2)/(-6))*-10. Determine p(v).
5
Let w(s) = -s**2 + 6*s. Let n be w(5). Let m = n - 12. Let y(v) = -v**3 - 6*v**2 + 7*v + 7. What is y(m)?
7
Let q = -5 + 12. Let z(r) = -4*r**2 - 7*r + r**3 + q*r. Let b be 9/2 + (-1)/2. What is z(b)?
0
Let f(z) = 5*z - 3. Suppose 11 = 3*s - 4*s. Let j = -8 - s. What is f(j)?
12
Let i(x) = 2*x + 0*x - 4 + 3*x + 5*x**2. Let h(a) = 17*a + 5*a**2 - 7*a - 7 + 4*a**2. Let o(n) = 4*h(n) - 7*i(n). Give o(-4).
-4
Let q be 1/(-3 - (-104)/36). Let b = -6 - q. Let g(m) = 2*m - 3. What is g(b)?
3
Let n(s) = 4*s. Suppose -3*p = -7*p - 4*o + 20, -5*p + 13 = 2*o. Let m be (-4 + 3/p)*0. Suppose 3*t + m*t = -4*w + 2, -2*w - 2*t = -2. Give n(w).
-4
Let q(n) = n**3 + 9*n**2 + 7*n - 1. Let i be q(-8). Let l(r) = 8*r + 3 - i*r - 2. Let z(y) = -y + 11. Let h be z(7). What is l(h)?
5
Let w = 3 + -4. Let o be 10*(w + 6/4). Suppose -5*a = -4*l - 1, o*l - 4*a = a - 5. Let z(j) = -j - 2. What is z(l)?
2
Let s be -1*2*(-7)/(-2). Let j(f) = f + 4. Determine j(s).
-3
Suppose -7*c - 2 = -6*c. Let k(n) = -n + 2*n - 1 + 3. What is k(c)?
0
Let y(p) = p**2 + p + 1. Let n(m) = m**2 + 3. Let i(b) = n(b) - 2*y(b). Let k(r) = -r**2 + 3*r + 7. Let q be k(5). Let d be 11/q + (-4)/(-6). Give i(d).
-2
Let n = 2 + -2. Let y be (-5 + -1)*(-5)/15. Let o(z) = -y*z + 2*z - z**2 + 3 + z. Calculate o(n).
3
Let r be (-4)/10 - 26/10. Let g be (3 - 0) + 5 + -5. Let z(o) = 9*o**g - 8*o**3 + 2 + 2*o**2 + 0*o**2. Determine z(r).
-7
Let m(i) = 6*i**3 - 3*i**2 - 9*i - 7. Let a(c) = -3*c**3 + c**2 + 4*c + 3. Let j(o) = -7*a(o) - 3*m(o). Calculate j(1).
4
Let r(s) be the third derivative of s**5/60 - 5*s**4/24 - s**2. Let g be 6/(-4)*(-198)/27. Suppose -5*a + g = -4. Give r(a).
-6
Let c = 88 - 81. Let o(b) = 2*b - 6. Give o(c).
8
Suppose -4*z - 20 - 8 = 0. Let s(c) = 5 - 4*c + 5*c + 7 - 3. Determine s(z).
2
Let x(h) be the first derivative of h**3/3 - 2*h - 2. Let v = -12 - -4. Let p(n) = n**3 + 8*n**2 - 3. Let s be p(v). Calculate x(s).
7
Let p(o) = o**3 + 7*o**2 - 7*o + 7. Suppose -4*j + 0*t = 4*t + 44, -4*j + t = 29. Give p(j).
-1
Suppose 0 - 2 = -o. Suppose 15 = 5*y - 5*m, 8 = 2*m + o*m. Suppose -y*t = -t + 20. Let x(v) = -v**3 - 6*v**2 - 4*v + 1. Calculate x(t).
-4
Let n(z) = -z**2 - 4*z - 2. Let r = -6 + 4. Let g be (-2)/(-1) - (r + 0). Let d = -7 + g. What is n(d)?
1
Suppose 2*a + 10 = 4*j, 4*a = 4*j + 3 - 11. Suppose 3*r + 7 = -4*y + 18, 3*y + 3*r - 9 = 0. Let n(o) = o + 0 - 7*o**2 + y*o**2 - 1. Calculate n(a).
-5
Let k(n) = n**2 - 16*n + 48. Let r be k(11). Let t(o) = o**2 + 9*o - 3. Determine t(r).
-17
Let g be 2*(-2)/4*-10. Let k = g + -6. Let b(v) = 2*v + 0*v**2 - v**2 - 2 + 7. Determine b(k).
-3
Let r = 48 + -65. Let h(g) be the second derivative of g**3/6 - 5*g**2/2 + g. Let t(f) = 3*f - 15. Let w(p) = r*h(p) + 6*t(p). Calculate w(4).
-1
Let y(n) = -n + 3. Suppose 0 = -r + 4*r - 45. Suppose -4*a = -o - r, 0*a - 4*a = 3*o - 3. Give y(o).
6
Suppose 4*p = 3*z + 19, -z + 3*p = 4*z + 17. Let r(w) = -7*w - 1. Give r(z).
6
Let k(h) = -2 + 6 + 0 - 8*h. Let o be k(1). Let p(r) be the third derivative of r**6/120 + r**5/20 - 7*r**4/24 - 5*r**3/6 - r**2. What is p(o)?
7
Let s(y) = 5*y - 4*y**2 - 4*y - 7*y**3 + 3*y**2. Let u = -7 - -5. Let z(w) = w**3 + w**2 - 3*w - 1. Let l be z(u). Determine s(l).
-7
Let n(i) = -i**2 + 15*i + 40. Let q be n(17). Let o(j) = j + 6. Calculate o(q).
12
Suppose -5*d = -0 - 40. Let q(c) = c - 9. Calculate q(d).
-1
Let q(m) = -m**3 - 5*m**2 + 2*m + 5. Let i(g) = 3*g + 5*g - g**2 + 3 - 8. Let n be i(8). Give q(n).
-5
Suppose y - 5*y = -a + 30, 0 = 3*y + 6. Let v = a + -17. Let z(r) = r**2 - 6*r + 3. Give z(v).
-2
Let m(j) = -6*j**2 - j + 1. Let g(x) = 5*x**2 + x - 1. Let f(u) = 5*g(u) + 4*m(u). Give f(2).
5
Suppose z - 4*w - 17 = 0, z - w + 17 = 5*z. Let l be 4*1 + (3 - z). Let t(x) = -3*x**2 + 0*x**2 + 1 + 2*x + x**l. Give t(2).
-3
Suppose 3*r = 5*l - 14, -r - 12 = -3*l + 2*r. Suppose -8 = 3*q + l. Let s(z) = -3*z + 2. Determine s(q).
11
Let b(i) = -i**2 + 8*i - 8. Let c be (-1)/(3/(-16 + -2)). Let n be b(c). Let k(m) = 4*m - 4. Determine k(n).
12
Let a(g) = -2*g + 5. Let j(u) = u + 1. Let q be j(5). Calculate a(q).
-7
Let q(t) = t - 24*t**2 + 1 - t**3 + 17*t**2 - 8*t. Determine q(-6).
7
Let w(n) = n + 1. Let p(s) = -4*s - 11. Let m(x) = p(x) + 3*w(x). Calculate m(-6).
-2
Suppose 190 - 190 = -6*k. Let s(m) = m**2 - 4 - 8 - 2. Give s(k).
-14
Let v(o) = 2*o - 11. Let f(a) = -a + 5. Suppose n = -n + 4. Let b(z) = n*v(z) + 5*f(z). Determine b(5).
-2
Let o = 1 - -1. Let t(l) = -2*l + l**o - l + 7 + 5*l + l**3 - l. Calculate t(0).
7
Let o(c) be the first derivative of -5*c**4/24 + c**3/6 + 2*c**2 - 5. Let q(t) be the second derivative of o(t). Give q(2).
-9
Let m(z) = 0 + 2*z + 0 + 1 - z**2 - z**2. Determine m(-2).
-11
Let k be -21*(-3 - (-8)/3). Suppose -5*p - 3 - k = 0. Let g(y) = 5*y**3 + 2. Let s(m) = -14*m**3 - 6. Let i(v) = -17*g(v) - 6*s(v). Determine i(p).
10
Suppose -2*x + 9 = 3. Let j(a) = 5*a - 3*a + 3*a - 4*a. Determine j(x).
3
Let f(u) = 7*u**2 - 2*u + 2. Let p(j) = -j**2 + 25*j + 55. Let o be p(27). What is f(o)?
7
Let m(c) = -c**3 - 6*c**2 + 6*c - 9. Let o be ((-18)/15)/(-3) - 37/5. Calculate m(o).
-2
Let f(r) be the third derivative of r**4/12 + 13*r**3/6 - 7*r**2. Determine f(-10).
-7
Suppose 0 = -203*i + 194*i. Let u(n) = 4 - 3*n + 1 + 2*n. Determine u(i).
5
Let v(f) = -2*f**3 + 3*f**2 + f - 2. Suppose 4*k + 3*i + 4 = -0, 5*i = -5*k - 10. Give v(k).
-4
Let d(m) = -m + 1. Suppose 4*w = 3*h - 2, 3*w + 7 + 14 = -h. Let k(y) = -y**2 + y - 2. Let i(b) = h*d(b) - k(b). Calculate i(-5).
-4
Let w(q) be the second derivative of -q**4/12 - q**3/6 + q**2/2 - 10*q. Determine w(-2).
-1
Let y(m) = 2*m + 2. Suppose 0 = -c - c + 4. Calculate y(c).
6
Let x be (-2)/6 - (-245)/15. Suppose x - 4 = 2*v. Let n(o) = -2*o - 2*o - 7*o**2 - o + v*o - 1. Give n(1).
-7
Let b = -22/15 - -23/15. Let r(c) be the third derivative of -2/3*c**3 + 2*c**2 + 0 - 1/6*c**4 + 0*c - 1/120*c**6 - b*c**5. Determine r(-3).
-1
Let j(n) = n + 1. Let q be (1 + 1)/((-2)/(-4)). Let r(s) = 5*s - 3. Let v(k) = q*j(k) + r(k). Calculate v(-1).
-8
Suppose 5*a = -0*a + 30. Suppose 0 = 5*l - 4 - a. Let c(u) = 4 + u**l - 5 - 1. Give c(2).
2
Let q(j) = j**2 + 4*j - 5. Let k(o) be the second derivative of -o**4/12 - o**3 + 11*o**2/2 - 9*o. Let u be k(-8). Determine q(u).
0
Let f = -3 + 4. Let s(v) be the third derivative of -1/6*v**3 + 0*v + 1/30*v**5 + 0 - 3*v**2 + 0*v**4 + 1/30*v**6. Give s(f).
5
Let y(m) = -2*m + 1. Let k be y(-1). Suppose k*h - 3 + 0 = 0. Let l(i) = h + 